Let w = c - l. Is w a prime number?
False
Is (-449784)/(-54)*6/8 a prime number?
True
Let l(u) = -u**3 - 3*u**2 + u + 1. Let j be l(1). Is 2 + 590 + (-1 - j) prime?
True
Suppose 2*z = c - 577, -z = -3*c + 1193 + 548. Suppose -200 = 3*f - c. Is f a prime number?
True
Suppose -5*w + 1776 = -t - 351, -w + 433 = -4*t. Suppose -5*g = -w - 60. Is g a composite number?
False
Let o = 10984 - 5723. Is o prime?
True
Suppose 0*m - 2*m = -28. Let q = 20 - m. Suppose -2*s + q*s - 148 = 0. Is s a prime number?
True
Let n(t) = t + 6. Let v be n(-3). Suppose v*x = -4*f + 2141, f = 2*x - 3*f - 1454. Is x prime?
True
Let y(d) = -40*d + 3. Suppose 2*o = 5 + 13. Let b be (o + -1)*(-7 - -6). Is y(b) prime?
False
Let l(a) = -3*a**3 - a**2. Let h be l(-1). Suppose 0 = 5*u - s - 1673, 2*u - h*s - 536 = 138. Is u a composite number?
True
Let a(u) = 2*u - 7. Let m be a(-6). Let w = m - -2. Let z = 80 - w. Is z prime?
True
Suppose -3*h - 67 = -0*n + 5*n, 3*n = -2*h - 41. Let s(j) = -3*j**3 - 10*j + 1 + 6*j**3 + 11*j**2 - 2*j**3. Is s(n) a composite number?
True
Suppose 2*i + 3*i = 5040. Suppose 0 = 3*a + 3*g - i, -2*g - 6 + 0 = 0. Is a a prime number?
False
Suppose p = -t + 5679, -t - 5*p + 3299 = -2388. Suppose -8*u + t = -3*u + 3*q, u - 5*q = 1113. Suppose 5*k + 10 = 0, 3*k + u = 3*j + 5*k. Is j a prime number?
True
Suppose -6158 - 5221 = -3*u. Is u a composite number?
False
Let a(l) be the third derivative of l**6/120 + 7*l**5/60 + 7*l**4/12 - 47*l**3/6 - 14*l**2 - 1. Is a(7) a prime number?
False
Let r = 3233 - -1358. Is r a prime number?
True
Suppose -4*c + c = -171. Suppose 2*i - 7 = y - 3*i, -2*i - c = -5*y. Let z(m) = 2*m - 3. Is z(y) prime?
True
Let f = 5 - -13. Let z be 6 - (-9)/(f/(-4)). Is (-223)/(((-4)/1)/z) a composite number?
False
Let n be (315/3)/(9/6). Let w = n + -50. Suppose b - 5*b = -w, 5*i - 595 = 4*b. Is i a composite number?
True
Let f = 18 - 17. Let n = 3 + f. Suppose -x - n*x = -445. Is x composite?
False
Suppose -q - 4*b = 3*q - 4, -1 = 3*q + 5*b. Suppose -q*y - 2648 - 181 = 0. Let s = 1412 + y. Is s a composite number?
True
Let j = 4537 - 726. Is j prime?
False
Suppose -64*j - 370300 = -2599868. Is j a composite number?
True
Is (-8)/(-48) + (-93953)/(-6) a composite number?
True
Suppose 11*b - 15*b = -6564. Suppose -6*y - 429 = -b. Is y prime?
False
Let r = -20920 + 14710. Let w be ((-1)/3)/((-10)/240). Is 2/w + r/(-24) a composite number?
True
Suppose 114673 = 16*w + 37089. Is w a composite number?
True
Let w = -13600 - -25571. Is w a composite number?
False
Let h(k) = -541*k. Let y be (-5 + 9)*3/12*-1. Is h(y) prime?
True
Suppose -4*m - 5*b + 33264 = 0, 4*m + b - 33240 = 2*b. Is m a composite number?
False
Suppose 12 = -4*w, 2*n + w + 5776 = 3*n. Is n prime?
False
Let b = 67 - -45. Let m = 163 - b. Is m composite?
True
Suppose 2*o = 22 + 2. Is 2444/o - (-6)/(-9) a prime number?
False
Suppose -2846 = 2*b - 8398. Is (b/(-16))/((-1)/2) prime?
True
Let f = -9 - -5. Let x(b) = -24*b + 82*b + 7 + 54*b**2 - 35*b - 27*b. Is x(f) a composite number?
False
Let l(d) = -2*d - 26. Suppose 0 = r, 5*z + 5*r = 4 - 69. Let k be l(z). Suppose k = 5*j - 2179 + 594. Is j composite?
False
Let v(f) be the second derivative of 25*f**3/3 + 6*f**2 + 5*f. Let o be v(7). Let p = o + -111. Is p a composite number?
False
Let g = 31 + -11. Suppose -4*b + g = 0, -3*m + b = 5*b - 20. Suppose m = 4*u + 2*f - 850, -3*f = -0 - 9. Is u a prime number?
True
Let m = -36 - -41. Suppose s = -m*s + 6582. Is s a prime number?
True
Is (4253*-1)/(-9*20/180) composite?
False
Let w(x) = x + 4. Let v be w(-4). Suppose -f + 1784 = 2*j - 177, -4*j - 5*f + 3907 = v. Is j composite?
False
Let a(c) be the third derivative of c**6/120 + c**5/15 + c**4/12 - c**3/6 + 6*c**2. Let b be a(-3). Is 157/(-2)*-1*b a composite number?
False
Let p(i) = 5*i + 69. Suppose 2*y - 4*y + 7*y = 0. Is p(y) a prime number?
False
Suppose 5*n + d - 96786 - 38064 = 0, n - 26949 = 4*d. Is n a composite number?
True
Let n(m) = -m**3 - 4*m**2 - m + 7. Let l = -24 + 9. Let r be l/25 + 32/(-5). Is n(r) a prime number?
False
Let o(k) = 122*k**2 - 13*k - 703. Is o(-22) composite?
False
Let k = 39669 + -27014. Suppose 0 = -w + 2*i + 4110 - 1579, 5*w + 2*i - k = 0. Is w a composite number?
False
Suppose 2*n - 4*a = -3*n - 89, 0 = -5*n - 2*a - 113. Let x = n - -20. Is x/(-3) - 8940/(-18) a composite number?
True
Suppose -50*d + 167885 + 217965 = 0. Is d composite?
False
Suppose 6*v = 237 + 11985. Suppose -4*n + v = -5*d, n + d - 217 = 281. Is n prime?
True
Let l be 136/4*388/8. Suppose -3*x = 2*z - l, 2*x = 6*z - 3*z + 1121. Is x composite?
True
Let z(g) = -1 + 9 + 13*g + 11 - 4. Is z(8) a prime number?
False
Suppose -b + 56 = 6*b. Let w = -4 + b. Suppose -11748 = -w*i - 4*s, -3*i + i + 5882 = 4*s. Is i a composite number?
True
Let w(d) = -497*d**3 + d**2 + d - 2. Let j be w(1). Let a = -318 - j. Is a a prime number?
True
Suppose -4384 = 20*l - 36*l. Is l composite?
True
Let k(p) = -2*p + 3. Let g be k(-16). Let t = 265 + -111. Let h = t - g. Is h composite?
True
Is (46232/12)/(-10*(-7)/105) a prime number?
True
Let v = -37164 + 57021. Is v prime?
False
Let r(w) = -w**3 - 12*w**2 - 30*w + 12. Let n be r(-14). Let v = 4807 - n. Is v a prime number?
False
Suppose 902 = 20*t - 7238. Is t composite?
True
Let u = 31 + -22. Let w(c) = c**2 - 2*c + 11. Is w(u) composite?
True
Let o = -6407 - -19018. Is o prime?
True
Suppose 2*f + 3*r - r = 44, 2*f = 3*r + 24. Let m(z) = 11*z + 53. Is m(f) composite?
False
Let l = -12 + 9. Is (4 + 45/(-10))/(l/7374) composite?
False
Let n be ((-2588)/(-6))/((-14)/189). Is (n/6)/(21/(-14)) a prime number?
True
Let h = 3633 - 2406. Is ((-2)/(-6))/(1/h) a composite number?
False
Let v = 6432 + -3833. Is v a composite number?
True
Let w be 0/(-1)*(-9)/(-36). Let o(m) = m + 7. Let f be o(-6). Is -53*(f + w)*-1 a composite number?
False
Suppose -191*b = -169*b - 2282434. Is b composite?
True
Let z(q) = -q**3 + 7*q**2 - 5*q + 9. Let l be z(6). Suppose 0*x - 3*x = -l. Suppose -322 + 1037 = x*f. Is f a prime number?
False
Let l(g) = 14*g + 10. Let q be l(20). Let u = q + -199. Is u prime?
False
Let f(y) = -y**2 - 15*y - 5. Let z be f(-15). Is 252 - (-1 - (3 + z)) prime?
True
Is -29398*(81/18)/(-9) a prime number?
True
Let n be (72/(-21))/(4/(-224)). Suppose -g = 5*j - 283, -n - 87 = -5*j - 3*g. Is j prime?
False
Suppose -4892 = -5*g + 2*p, 3*g - 3*p - 2937 = -0*p. Let o = g - 531. Suppose -8*d + o = -5*d. Is d a composite number?
False
Suppose 3*h + z - 39247 = 0, 3*z + 65393 = 16*h - 11*h. Is h prime?
False
Is (-9 - (-84)/(-36))/(4/(-1002)) a composite number?
True
Let k(n) = n**3 - 7*n**2 - 8*n - 1. Let c be k(8). Let z(j) = -2043*j. Let t be z(c). Suppose -2*r - 4*y + 1342 = -0*y, -t = -3*r + 4*y. Is r prime?
True
Let m(a) be the first derivative of a**2/2 - 11*a - 1. Let g be m(11). Suppose p + x + x - 215 = g, -p = x - 213. Is p composite?
False
Let k(w) = -3*w - 3 + 32*w**2 + 0 - 31*w**2. Let m be k(4). Let n(c) = 253*c**3 - c**2 + 1. Is n(m) a prime number?
False
Suppose -q - 220 = -6*q - 3*o, 0 = 2*o. Is 108556/q + 12/(-66) a composite number?
False
Let o = -12165 + 18582. Is (4/(-12))/((-3)/o) a composite number?
True
Let u(k) = -34*k + 7. Let d(l) = -5*l**3 - l + 3. Let m be d(2). Let y = m - -34. Is u(y) prime?
False
Let y = 7367 + -4368. Is y a prime number?
True
Let g be (1/2)/(3/(-12)). Is (2436/48)/(18/8 + g) a prime number?
False
Let n = 4218 - 16236. Let y be (-4)/(-22) - n/(-33). Is y/(-10) - (-18)/30 a composite number?
False
Let r(t) = 4*t**2 - 30*t - 563. Is r(64) a composite number?
False
Suppose q - 2*k - 3 = 2, -4*q - k = -29. Suppose p + 798 = q*p. Is p composite?
True
Suppose 0*l - 10 = -2*l. Suppose -m = -2*m + l. Suppose -9*h + m*h + 436 = 0. Is h prime?
True
Let q(f) = 173*f - 82. Is q(3) composite?
True
Suppose r = 3*h - 2, -h - r + 6*r = -10. Let g(x) = x**3 + 3*x**2 - 2*x + 299. Is g(h) prime?
False
Let v(k) = 1028*k - 73. Let q be v(24). Suppose 0 = -13*m + 9578 + q. Is m a prime number?
False
Let f be (2 + 1 - 0) + 3. Let m(c) = c**3 + 3*c**2 - 13*c - 7. Is m(f) composite?
False
Let q(w) = 38*w - 3. Let b(k) = -k**2 - 11*k - 15. Let d = 20 - 29. Let g be b(d). Is q(g) a prime number?
False
Is (2 + 0)*9/54*20841 a prime number?
True
Let f(n) = 774*n**2 - 15*n + 89. Is f